 -1504. Calculate the greatest common factor of i and l.
47
Let c(l) = 3*l - 6. Let o(k) = 4*k**2 + k - 1. Let i be o(1). Let r be c(i). Let s = -288 + 300. What is the highest common divisor of s and r?
6
Let y(o) = -o**2 + 21*o - 41. Let k be y(18). Let v = k - 4. Calculate the greatest common factor of v and 81.
9
Let o = -625 - -638. What is the highest common factor of o and 39?
13
Let r(o) = o**2 - 14*o + 19. Let a be r(-34). What is the greatest common factor of a and 26?
13
Let a be (-4)/(-6)*48/2. Let q = 37 - a. Calculate the highest common divisor of 21 and q.
21
Suppose 0 = -n - 5*u + 59 + 134, 0 = -5*n + 7*u + 997. Let j be 182/6 - (-2)/3. Let d = -9 + j. What is the greatest common divisor of n and d?
22
Let b = 408 - 289. Let q = 344 - b. Calculate the highest common factor of q and 45.
45
Let w(i) = 2*i**2 - 11*i + 89. Let g be w(12). Calculate the greatest common factor of g and 196.
49
Let r be (-4)/12 + (-31)/(-3). Let h(a) = a**2 + 11*a + 74. Let p be h(-8). What is the highest common factor of r and p?
10
Let u(x) = 4*x + 26. Let k be u(-6). Calculate the greatest common factor of k and 50.
2
Let x be (1/3)/((-7)/(-210)). Suppose x*d - 8 = 8*d. Suppose -109 = -4*w + 3*i, -d*w + w = -4*i - 80. What is the greatest common factor of 14 and w?
14
Suppose 3*x = p + 275, -4*x = -8*x - 4*p + 340. Suppose -4*j + 230 + x = 0. What is the greatest common divisor of 16 and j?
16
Suppose 0*l = -22*l + 2310. What is the highest common factor of 45 and l?
15
Let o(v) = v + 15. Let z be o(-8). Let x = z + 8. Calculate the greatest common divisor of x and 15.
15
Suppose 7*a = -32*a + 71760. What is the greatest common factor of 160 and a?
80
Let t(m) be the first derivative of 3 - 5*m**2 + 18*m - 4*m**2 + 13*m**2. Let y be t(9). Calculate the greatest common factor of 30 and y.
30
Let v = -61 - -95. Suppose 4*f - v = 2*d, 4*d + 14 = f - 12. Suppose -2*p + 4*i = -50, 2*p - 5*p - i = -40. What is the greatest common factor of f and p?
3
Suppose -7*r + 12*r = 145. Let z = r + -26. Suppose 84 = 4*y + z*y. What is the highest common factor of 48 and y?
12
Suppose -11 = 3*m - 3*z - z, 0 = -5*m - z + 20. Let c be 10 - ((m - 0/3) + 0). Let x be ((-7)/2)/((-1)/2). What is the greatest common divisor of c and x?
7
Let z = -1 + 2. Let j = -82 + 90. What is the greatest common factor of z and j?
1
Suppose b = -r - 4*b + 7, -5*r + 4*b + 64 = 0. Calculate the highest common factor of r and 24.
12
Let f = -103 + 171. Suppose u = -2*i + 32, 5*u = -3 - 7. Calculate the highest common divisor of i and f.
17
Suppose 0 = -4*b + 337 + 287. Let d = 59 - 20. What is the highest common divisor of b and d?
39
Let c = 27 + -29. Let j be 1/c*(3 - 37). Suppose 5*d - 2 = -j, -h = -5*d - 23. What is the highest common divisor of 4 and h?
4
Suppose s + 3*s = 4*x - 24, -4*x = -2*s - 28. Let i be -138 - 0*3/(-9). Let c be -3*(2 + i/9). What is the greatest common factor of x and c?
8
Let u = 29 - -14. Suppose -3*b - 1 = 8, 0 = -2*f - 5*b + u. Let q = f + -7. Calculate the highest common factor of 22 and q.
22
Let x be 12/8*160/3. Let i(h) = h + 6. Let s be i(6). Let y = s + -2. What is the highest common factor of x and y?
10
Let h(d) = 33*d**2 + 4*d + 5. Let r be h(2). What is the greatest common divisor of 87 and r?
29
Let h(t) = 3*t**2 - t. Let j be h(-1). Let f = -52 - -52. Suppose -j*c - c + 5 = f. Calculate the highest common divisor of 1 and c.
1
Let b = 1041 - 1006. Suppose 0 = 5*d, -3*d - 25 = -9*k + 4*k. What is the highest common divisor of b and k?
5
Suppose -8*n + 108 = 10*n. Let q be 4992/80 + n/10. What is the highest common factor of 84 and q?
21
Suppose 2*o + 5*t - 23 = -0, -3*o = 4*t - 24. Suppose 3*p = o*w - p - 588, -4*w + 568 = p. What is the greatest common divisor of 13 and w?
13
Let v(s) = -s**2 + 7*s - 1. Let z be v(4). Let k = z - 7. What is the greatest common divisor of k and 28?
4
Let h(j) = j**3 + 3*j**2 + 4. Let r be h(-3). Let t(m) = 2*m + 2. Let n be t(r). Let z be 88 + (-2 - -5) + -1. What is the highest common factor of z and n?
10
Suppose 1921 = 42*u + 71*u. Suppose -4*k + 451 = -5*f, 2*k - 253 = -5*f + 2*f. Calculate the greatest common factor of k and u.
17
Let d(u) be the second derivative of -u**3 - 9*u**2 - 3*u. Let f be d(-5). Calculate the highest common divisor of 8 and f.
4
Let f = 17 - 6. Let w(t) = t**2 + t. Let j be w(-2). Let u be ((110*3)/5)/(0 + j). Calculate the greatest common factor of u and f.
11
Suppose 2*b - 5*b = -630. Suppose -2*t = -7*t + b. Suppose 5*y = 7*y - t. Calculate the highest common factor of y and 7.
7
Suppose 3*t = -3*h + 6*t + 3, 16 = h + 2*t. Suppose -y + 1 = 3. Let w be 1*y - (-16)/2. What is the highest common factor of w and h?
6
Suppose -2*t = 3*f - 13, f + 18 = 2*t - 7. Calculate the highest common divisor of t and 44.
11
Let u(q) = 10*q**2 + 0*q - q + 8 - 3*q**2 - 8*q**2. Let a be u(6). Let l be 4/6 - a/3. Calculate the highest common factor of l and 6.
6
Let p be 0 + 2939 + 10 + 11. Calculate the highest common divisor of 8 and p.
8
Let p(g) = -g**3 - 8*g**2 + 4*g - 10. Let c be p(-9). Let d = c - 15. Calculate the greatest common factor of 80 and d.
20
Let o = 11 - 1. Let i = o - 6. Suppose 0*z + 30 = d - i*z, -5*d = z - 213. Calculate the greatest common factor of d and 63.
21
Let u = 3 - -2. Suppose -u*s = 4*b - s - 120, -b = 4*s - 36. Let y = -43 - -50. What is the highest common factor of b and y?
7
Let c be (8/10)/((-47)/(-940)). Let k(b) = -3*b**3 - 5*b**2 - 4*b. Let x be k(-3). What is the highest common factor of c and x?
16
Suppose r - d + 3 = 3*d, r + 2*d - 15 = 0. Calculate the greatest common divisor of 99 and r.
9
Let r(x) = -x**2 + 6*x - 1. Let h be r(5). Let q(j) = 31*j - 3. Let v be q(h). What is the greatest common factor of 11 and v?
11
Let n be 35/6 + -9 + 385/42. What is the greatest common divisor of n and 498?
6
Suppose -756 = -20*c - 8*c. Suppose 2*f = -4*g + 34, -2*f - 5*g - 25 = -7*f. Let b be (f/2)/(1/2). What is the greatest common divisor of b and c?
9
Suppose 3*z - 33 = -0*o - o, -z + 2*o = -11. Suppose 14*g = z*g + 72. What is the greatest common divisor of g and 16?
8
Let n = -1 - -2. Suppose l - 12 = -3*l. Calculate the highest common divisor of l and n.
1
Suppose 239 - 1067 = -18*o. What is the highest common factor of 23 and o?
23
Suppose -5*p + 26 = z - 4*p, -66 = -3*z + p. Calculate the greatest common factor of 2599 and z.
23
Let y(h) = -h**2 + 5*h. Let s be y(3). Let g = -2 - -19. Let z = g - 11. What is the highest common divisor of s and z?
6
Let w(q) = 9*q**2 - 11*q - 1. Let g be w(4). What is the greatest common divisor of g and 165?
33
Let k be (-6 - -16)/5 - 5 - -915. What is the greatest common divisor of 96 and k?
48
Let j(x) = -x**3 - 6*x**2 - 3*x + 12. Let f be j(-5). Suppose -5*y + 4*v + 42 = f*v, 4*y = -4*v + 56. What is the highest common factor of 100 and y?
10
Let h = 56 - 53. Let i be ((-144)/(-20))/(124/40 - h). Calculate the greatest common divisor of 8 and i.
8
Suppose -827 + 2945 = 3*z - 3*r, -3*z = -5*r - 2108. What is the highest common divisor of z and 79?
79
Let p = -69 - -75. Let a be 280/80 + p/4. Calculate the greatest common divisor of 65 and a.
5
Let n be ((-29)/69 + (-60)/(-690))*-312. What is the highest common divisor of n and 338?
26
Let k be 685 + ((-23)/(-69) - (-2)/3). Calculate the greatest common divisor of 14 and k.
14
Let y = 13 + 77. Suppose 14*q - y = 9*q. What is the highest common factor of q and 1?
1
Let f be (286/13)/(-2 + 0). Let c = 15 + f. Let n = 6 - c. Calculate the greatest common factor of n and 1.
1
Suppose 9*o - 4483 + 667 = 0. Calculate the greatest common divisor of 53 and o.
53
Suppose 2*i + 4 = b, 0*i + 2*i - 6 = 0. Let f(u) = 11*u + 20. Let o be f(b). What is the highest common factor of 26 and o?
26
Suppose -108 = -0*y - y. Let i be (6/(-3) - 0)/1. Let d be i/((-13)/6 + 2). What is the highest common factor of d and y?
12
Let y(f) = -3*f. Let o be y(-2). Let a = 7 + -4. Suppose 12 = -a*l, 0 = 5*t - l + 5*l - 44. Calculate the highest common divisor of o and t.
6
Suppose -h - u + 10 = 2*u, -4*u = 2*h - 20. Let r = h - 6. Suppose -4*i - r = 0, 0*b + 2*i - 128 = -5*b. What is the greatest common divisor of b and 13?
13
Let f = 0 - -5. Suppose 0 = f*g - 9*g + 52. Calculate the greatest common